 4429. Give c(-12).
13
Let n(a) = -7*a**2 + 81*a - 101. What is n(13)?
-231
Let s(a) = -59*a - 374. Give s(-8).
98
Let o(v) = 4*v - 74. What is o(9)?
-38
Let p(a) = -509*a + 46851. Give p(92).
23
Let n(m) = m**3 + 12*m**2 - 24*m - 380. Give n(-10).
60
Let m(y) = y**3 - 19*y**2 + 28*y + 68. Give m(17).
-34
Let d(m) = -37*m - 1281. What is d(0)?
-1281
Let m(n) = -4*n**2 - 2220*n - 2219. Calculate m(-1).
-3
Let y(x) = -2*x**2 + 103*x + 271. Calculate y(54).
1
Let p(z) = z**2 + 5*z - 385. What is p(-24)?
71
Let i(z) = -2*z**2 + 28*z + 376. Calculate i(-8).
24
Let o(i) = 10158*i + 81265. Give o(-8).
1
Let w(c) = 56*c - 28. Give w(-8).
-476
Let k(w) = 53*w - 110. What is k(5)?
155
Let o(t) = -2*t**2 + 81*t - 189. Determine o(38).
1
Let o(s) = -s**3 - 6*s**2 + 50*s + 296. Determine o(-7).
-5
Let j(s) = -211*s + 15418. Calculate j(73).
15
Let z(r) = -23*r**2 - 1361*r - 277. Calculate z(-59).
-41
Let p(h) = 31*h + 2267. Give p(-73).
4
Let i(n) = 3*n**3 - 4*n**2 + 3*n - 83. Determine i(6).
439
Let u(b) = -135*b**2 - 4*b + 5. Give u(1).
-134
Let m(b) = -b**2 - 64*b + 666. Give m(9).
9
Let y(j) = -308*j - 64. Calculate y(-1).
244
Let x(l) = -8*l**2 + 187*l - 88. Determine x(23).
-19
Let r(j) = -3*j**2 - 26*j - 93. Give r(-7).
-58
Let g(m) = -784*m - 1448. Determine g(-2).
120
Let j(o) = o**3 - 14*o**2 - 44*o - 7. Give j(-3).
-28
Let g(k) = -1409*k + 1530. What is g(1)?
121
Let i(q) = q**3 - 12*q**2 + 23*q - 99. Give i(9).
-135
Let b(o) = -3*o**2 + 24*o - 158. Give b(6).
-122
Let x(v) = -v**2 + 194*v + 1017. Give x(-5).
22
Let u(l) = 23*l**2 - 112*l + 51. Calculate u(4).
-29
Let c(q) = 8*q**3 - 28*q**2 + 23*q - 25. Determine c(3).
8
Let f(y) = y**3 - 23*y**2 - 83. Determine f(23).
-83
Let v(l) = l**2 - 58*l + 96. What is v(57)?
39
Let n(h) = h**3 - 10*h**2 - 9*h + 124. What is n(13)?
514
Let w(n) = -3*n**3 + 25*n**2 + 35*n - 304. Determine w(8).
40
Let l(u) = 5*u**3 + 47*u**2 - 29*u - 10. Calculate l(-10).
-20
Let p(i) = -i**2 - 85*i + 2896. Give p(-111).
10
Let y(h) = 2*h**2 - 29*h + 50. Determine y(5).
-45
Let f(p) = -25*p**2 - 1025*p - 1001. Calculate f(-40).
-1
Let v(w) = -303*w - 1499. What is v(-5)?
16
Let t(f) = 24*f + 2191. What is t(-91)?
7
Let q(c) = -4*c**2 - 9*c + 38. Calculate q(-6).
-52
Let c(p) = -3847*p + 38482. Calculate c(10).
12
Let u(d) = -d**2 - 684*d + 6941. Determine u(10).
1
Let m(c) = 65*c**2 + 981*c + 94. What is m(-15)?
4
Let h(y) = -20*y**3 + 2*y**2 - 2*y + 11. Calculate h(3).
-517
Let l(j) = j**2 - 2*j - 17. Give l(18).
271
Let l(j) = -2443*j + 31717. Calculate l(13).
-42
Let n(g) = 70*g - 11551. Determine n(165).
-1
Let o(r) = -2*r**2 - 123*r + 1803. Determine o(-74).
-47
Let k(y) = -3*y**2 + 24*y + 60. Calculate k(10).
0
Let p(a) = 63*a - 512. Calculate p(8).
-8
Let w(o) = 12*o + 110. What is w(-29)?
-238
Let n(y) = 18*y**2 - 74*y - 1037. What is n(10)?
23
Let k(c) = -2*c**3 + 46*c**2 + 116*c - 34. Give k(25).
366
Let b(l) = l**2 - 14*l - 99. What is b(15)?
-84
Let c(g) = 2*g**3 - 82*g**2 + 2*g - 101. Determine c(41).
-19
Let g(y) = -11*y**2 + 275*y + 169. Determine g(26).
-117
Let m(x) = 2*x**3 - 15*x**2 - 30*x - 12. Determine m(9).
-39
Let v(l) = 944*l - 2410. What is v(3)?
422
Let r(s) = -s**2 + 6*s - 45. Calculate r(6).
-45
Let r(t) = t**2 + 28*t - 191. What is r(-36)?
97
Let l(c) = 2*c**2 - 13*c - 57. Give l(-3).
0
Let y(b) = 337*b + 14145. Give y(-42).
-9
Let k(u) = -u**3 - 16*u**2 + 177*u + 2526. What is k(-11)?
-26
Let j(a) = a**3 + 18*a**2 + 40*a + 105. Calculate j(-16).
-23
Let k(f) = -f**3 + 43*f**2 - 252*f + 7. Determine k(36).
7
Let x(s) = -13*s**2 + s + 119. Determine x(0).
119
Let u(y) = -y**3 - 6*y**2 + 12*y + 31. What is u(-2)?
-9
Let f(q) = -2*q + 14. Calculate f(4).
6
Let n(y) = 36*y**2 - 2*y + 2. Calculate n(1).
36
Let c(h) = -h**3 - 10*h**2 + 28*h + 203. What is c(-13)?
346
Let y(z) = -2*z**2 - 195*z - 357. Give y(-2).
25
Let s(y) = -y**2 + y + 973. Determine s(32).
-19
Let h(m) = 28*m**2 - 181*m + 6. What is h(8)?
350
Let i(g) = -6*g**2 - 35*g + 14. What is i(-10)?
-236
Let y(h) = -17*h**3 - 155*h**2 - 15*h + 11. Calculate y(-9).
-16
Let j(d) = -218*d + 649. Give j(3).
-5
Let o(q) = -q**3 + 17*q**2 - 18*q + 39. Calculate o(0).
39
Let a(d) = -1364*d + 17722. What is a(13)?
-10
Let b(y) = y**3 + 36*y**2 - 121*y - 154. What is b(-39)?
2
Let p(f) = 3*f - 70. Calculate p(10).
-40
Let b(r) = 273*r - 14207. Give b(52).
-11
Let u(h) = -4*h**3 + h**2 + 8*h - 9. What is u(1)?
-4
Let n(x) = x**3 - 4*x**2 - 195*x + 1224. Determine n(7).
6
Let a(s) = -s + 58. Determine a(-25).
83
Let r(d) = -d**3 + 59*d**2 - 268*d - 13. What is r(5)?
-3
Let c(v) = 2*v**3 + 85*v**2 + 126*v + 114. Give c(-41).
-9
Let z(l) = -25*l**3 + l**2 - 6*l - 9. What is z(-2)?
207
Let s(u) = 223*u - 650. Calculate s(3).
19
Let v(j) = -186*j + 772. Calculate v(4).
28
Let u(n) = -56*n + 1000. What is u(18)?
-8
Let n(s) = s**2 + 881*s + 3496. What is n(-4)?
-12
Let g(z) = 21*z + 220. Calculate g(-18).
-158
Let c(x) = -1708*x - 8542. What is c(-5)?
-2
Let t(r) = -13*r - 686. Determine t(-52).
-10
Let l(g) = -87*g + 1555. Give l(18).
-11
Let y(q) = -q**3 - 27*q**2 + 3*q - 127. Calculate y(-26).
-881
Let i(g) = -255*g - 10138. Determine i(-40).
62
Let c(i) = 10*i - 5. Determine c(16).
155
Let s(t) = t**3 + 30*t**2 - 187*t - 60. Calculate s(-35).
360
Let x(h) = 20*h**2 + 338*h - 3. Give x(-17).
31
Let s(r) = 177*r + 2835. Determine s(-16).
3
Let l(j) = 84*j**3 + 5*j**2 + 96*j + 93. Calculate l(-1).
-82
Let s(l) = -9*l**2 - l + 77. Give s(-3).
-1
Let s(b) = 702*b + 701. Determine s(-1).
-1
Let f(b) = 2*b**3 - 28*b**2 - 138*b + 11. Give f(18).
119
Let w(r) = -377*r - 2363. Give w(-6).
-101
Let t(i) = 7*i - 136. Calculate t(27).
53
Let n(y) = -3*y**2 + 126*y + 6. Give n(42).
6
Let c(u) = -u**2 + 92*u - 1228. Calculate c(17).
47
Let t(s) = 2*s**3 + 33*s**2 - 72*s - 310. Determine t(-18).
14
Let t(r) = 96*r - 1156. Determine t(12).
-4
Let v(j) = 342*j + 2736. Give v(-8).
0
Let s(p) = -22*p + 250. What is s(23)?
-256
Let p(o) = -618*o + 9281. Calculate p(15).
11
Let d(w) = -683*w + 3426. Determine d(5).
11
Let t(p) = -8*p + 67. Determine t(-13).
171
Let h(y) = 2*y**3 - 20*y**2 + 34*y + 45. Determine h(5).
-35
Let a(j) = 165*j - 346. Give a(2).
-16
Let o(z) = 3*z**2 + 114*z + 592. What is o(-6)?
16
Let z(p) = -1234*p - 3978. What is z(-3)?
-276
Let h(m) = -239*m - 2298. Determine h(-10).
92
Let x(d) = 6*d**3 - 107*d**2 - 13*d - 95. Calculate x(18).
-5
Let q(f) = f**3 - 13*f**2 - 10*f + 17. Determine q(14).
73
Let k(s) = 6*s**2 + 15*s - 710. Determine k(-12).
-26
Let f(b) = b**2 + 30*b + 94. What is f(-27)?
13
Let r(a) = a**3 - 11*a**2 - 32*a - 8. Calculate r(13).
-86
Let h(o) = 2*o**2 - 79*o + 741. Determine h(15).
6
Let s(o) = 436*o + 23078. What is s(-53)?
-30
Let p(i) = -4*i - 173. Give p(14).
-229
Let p(z) = 19*z**2 + 22*z + 6. Give p(0).
6
Let p(v) = 31*v + 1656. Calculate p(-54).
-18
Let q(v) = 16*v**2 - 138*v - 303. Calculate q(-2).
37
Let o(k) = -1650*k - 16497. Give o(-10).
3
Let o(m) = -80*m + 870. Determine o(9).
150
Let z(w) = -34*w + 675. Calculate z(20).
-5
Let w(h) = -h**3 + 2*h**2 - h + 44. Calculate w(0).
44
Let p(a) = 4*a**2 - 89*a - 299. What is p(25)?
-24
Let q(m) = 4*m**2 + 190*m + 1083. What is q(-41)?
17
Let q(b) = -27*b + 509. Give q(16).
77
Let s(o) = 2*o**2 + 25*o - 18. Determine s(-15).
57
Let d(l) = 2*l**2 + 164*l + 3384. Calculate d(-37).
54
Let y(a) = 94*a - 2093. Give y(13).
-871
Let b(n) = -64*n - 3399. Determine b(-53).
-7
Let n(m) = -m**3 + 18*m**2 + 18*m - 8. What is n(19)?
-27
Let c(n) = 8*n**2 - 34*n - 606. Calculate c(-7).
24
Let x(m) = -11*m**2 - 50*m - 23. What is x(-4)?
1
Let l(t) = 1007*t + 13094. Calculate l(-13).
3
Let q(g) = 3957*g + 23722. Give q(-6).
-20
Let s(q) = q**2 - 37*q + 257. Give s(28).
5
Let l(w) = 7*w**2 - 302*w - 7073. Determine l(60).
7
Let d(j) = -11*j**3 + 1738*j**2 + 2*j - 293. What is d(158)?
23
Let u(f) = -f**2 + 6*f + 408. Calculate u(24).
-24
Let w(j) = -5040*j - 35262. Calculate w(-7).
18
Let i(a) = -4*a**3 + 27*a**2 + 233*a - 9. What is i(-5)?
1
Let o(d) = 212*d + 1477. Determine o(-7).
-7
Let n(h) = -277*h + 6. Calculate n(-4).
1114
Let u(h) = -h**3 - 41*h**2 + 130*h - 75. What is u(-44)?
13
Let q(x) = 4*x**3 - 32*x**2 - 457*x + 3668. Determine q(8).
12
Let j(w) = -7*w**2 + 219*w. What i